= 0. Let s = 108 + b. What are the prime factors of s?
37
Let x(v) = 3*v**2 + 3 + 9*v**3 - v**3 + 2*v**2 + 13*v - 10*v**3. What are the prime factors of x(-2)?
13
Let v = 55 - 47. Suppose 4*b = v*b - 16. Suppose 9*n - b*n = 540. What are the prime factors of n?
2, 3
Suppose 30*d - 9*d + 12*d = 539880. List the prime factors of d.
2, 5, 409
Let n(b) = 11*b**2 - 3*b + 24. Suppose 3*t = -2 + 8. Suppose a - 3*z = -z - 6, -t*z = -5*a + 10. What are the prime factors of n(a)?
2, 47
Let w = -33 - 50. Let g = -31 - w. Suppose p + 3 - g = 0. What are the prime factors of p?
7
Let v = 61 - 57. Suppose 0 = h - 2*z + 10, z - 18 = v*h + 8. What are the prime factors of (-636)/h - (1 - (-2 + 0))?
103
Let d = -49 + 245. Let n = -171 + d. What are the prime factors of n?
5
Let p(y) = -y**3 + 67*y**2 + 531*y + 2. What are the prime factors of p(64)?
2, 17, 1361
Suppose -805 = -w + 3*g, -4*g + 2373 = 3*w + g. Suppose -5*r + w = -2*p, -r = 11*p - 10*p - 162. What are the prime factors of r?
2, 5
Let c = 2457 + -1298. Let g = -654 + c. Suppose 4*d - 143 = g. What are the prime factors of d?
2, 3
Let y be 6/(-8) + 2350/40. Suppose -3*z + 65 = 4*f, 4*f = -f + 4*z + y. Let l(w) = w**3 - 13*w**2 - 8*w - 4. What are the prime factors of l(f)?
2, 5
Let c = 2225 + 1474. What are the prime factors of c?
3, 137
Let p(j) = 204*j - 273. Let t = -249 + 258. What are the prime factors of p(t)?
3, 521
Let l be -4 + ((-14)/4)/(2/(-436)). Let u = l + -296. List the prime factors of u.
463
Let v(n) = 2 - 12 - 5 - 2*n - 7. Let k be v(-11). Suppose t = -0*t - 4*c + 135, k = 5*t + 4*c - 675. List the prime factors of t.
3, 5
List the prime factors of (-146566636)/(-2497) + 2/(-22).
79, 743
Suppose -21*m - 154983 = 12*m - 1639686. List the prime factors of m.
3, 4999
Suppose 0 = -9*n + 7*n + 10. Suppose 872 = n*o - 138. Let y = o + -77. What are the prime factors of y?
5
Let f(x) = 46*x**3 + 2*x**2 + 17*x - 19. List the prime factors of f(4).
5, 11
List the prime factors of ((-2242080)/(-1260))/(3/14).
2, 3, 173
Let p = 18315 - -45407. List the prime factors of p.
2, 151, 211
Let v(c) = 4*c**3 + 25*c**2 - 3*c**3 - 5*c**2 - 69 + 92 - 40*c + 0*c**3. List the prime factors of v(-19).
2, 11, 13
Let y(k) = 2*k**2 - 44*k - 56. Let w be y(23). Let c(g) = -g**3 - 6*g**2 + 17*g - 6. List the prime factors of c(w).
2, 7
Let s(d) = 10*d**2 - 15*d - 240. List the prime factors of s(26).
2, 5, 613
Let b be (6/(-15))/((-3)/180). Let f = 1021 + -463. Suppose -f = -b*k + 18*k. List the prime factors of k.
3, 31
Let q = 505 - -3745. Let y = q - 2924. List the prime factors of y.
2, 3, 13, 17
Let x(h) = 10018*h + 1502. List the prime factors of x(2).
2, 11, 89
What are the prime factors of (1400/(-98) + 14)/(2/(-49)) + 1253?
2, 3, 5, 7
Let m(p) = -p**3 - 10*p**2 + 24*p + 3. Let t be m(-12). Suppose -3*y - 7 = -t*q + 5, 3*q - 4*y = 8. Suppose 1071 = q*d + 63. List the prime factors of d.
2, 3, 7
Let s(x) = x**3 + 14*x**2 - 14*x - 54. Suppose 23*p + 66 = 17*p. List the prime factors of s(p).
463
Suppose 255*h + 193*h - 982912 = 0. What are the prime factors of h?
2, 1097
Let i(j) = 3*j**2 + 8*j - 12. Suppose m + 44 = 5*u, -16 = -4*u - m - 3*m. Let t be i(u). Let v = t - 117. List the prime factors of v.
127
Let r be ((-344)/(-16))/((-2)/20). Let i = 1146 + -815. Let y = i + r. List the prime factors of y.
2, 29
Let s(j) = -j**2 + 37*j - 12. Suppose 5*c - 54 - 116 = 0. List the prime factors of s(c).
2, 3, 5
Let o be (5/3)/((-9)/(-162)). Let w = o + -25. Suppose -126 = -w*h - h. List the prime factors of h.
3, 7
Suppose -10*g = -16*g + 27264. List the prime factors of g.
2, 71
Suppose -4*d = 5*d - 45. Suppose t - 7 = d*b + 2, 3 = 2*t + 5*b. Suppose 89 = t*z - 27. List the prime factors of z.
29
Let v(z) = z**3 - 24*z**2 + 16*z + 3. Let y be v(20). Let q = y - -1998. What are the prime factors of q?
7, 103
Let q = 61 + -59. Let p be q*10*(-4)/16. List the prime factors of (-3035)/(-25) - (-2)/p.
11
List the prime factors of ((-132)/(-18))/11*5199/1.
2, 1733
Let o(s) = -42*s + 771. What are the prime factors of o(-44)?
3, 97
Suppose 0 = 5*s + 5*l - 40, -12 + 9 = -3*s + 4*l. Suppose s*j = 19*j - 2842. What are the prime factors of j?
7, 29
Suppose 5*b = 3*j - 16021, -3*j + 2*b + 26727 = 2*j. What are the prime factors of j?
5347
Suppose 5*n - n = a - 6, -4*n + 104 = 4*a. Let w(j) = 2*j**2 - 44*j + 17. Let o be w(a). Let z(k) = k**2 - 7*k - 24. What are the prime factors of z(o)?
2, 73
Let n = 3677 + 2386. List the prime factors of n.
3, 43, 47
Suppose -5*a + 155655 = -5*b, -4*b - 28818 + 122155 = 3*a. List the prime factors of a.
31123
Suppose -5*x = 0, 3*h + 810 = 5*h + 2*x. Let r = -145 + h. List the prime factors of r.
2, 5, 13
Let l be 216/24*(-2)/(-3). Suppose -l*y + 14*y = 2096. List the prime factors of y.
2, 131
Let b be ((-4)/(-6))/(18/243). Let v(t) = 7*t**2 + 13*t - 16. What are the prime factors of v(b)?
2, 167
Suppose 39*o = -30*o + 288420. List the prime factors of o.
2, 5, 11, 19
Let n(q) be the second derivative of q**4/12 + 5*q**3/3 + 23*q**2/2 - 18*q. Let s be n(10). Suppose 0 = -8*a - s + 847. List the prime factors of a.
2, 3, 13
Let p = 78829 - 41624. What are the prime factors of p?
5, 7, 1063
Let d(j) = 36*j + 1421. List the prime factors of d(14).
5, 7, 11
Let q(s) = -221*s + 11051. What are the prime factors of q(0)?
43, 257
Suppose -5*x = -3*w + 229, 31 = -5*w + 3*x + 418. List the prime factors of -1*13/(w/(-2172)).
2, 181
Suppose 7 = -5*k - 2*x - 2*x, 6 = 3*x. What are the prime factors of (844/16 + k)*(4 - -20)?
2, 3, 199
Suppose 4 = -4*c + 20. Suppose 5 = m + 2*n, 0 = -2*m + c*n + 3 + 23. Suppose m*j - 7*j = 28. What are the prime factors of j?
2, 7
Let d be 12/(-3) + (1658 - (0 + -4)). Let n = 2651 - d. List the prime factors of n.
3, 331
Let a = -569 + 569. Suppose -17*g + 3052 + 8355 = a. What are the prime factors of g?
11, 61
Suppose 116*v - 549209 = -314982 + 548309. What are the prime factors of v?
2, 3373
Suppose 453123 = -394*w + 427*w. What are the prime factors of w?
3, 23, 199
Suppose -112*y - 719867 = 156*y - 2701727. List the prime factors of y.
3, 5, 17, 29
Suppose n + 64 - 69 = 0. What are the prime factors of -5*(3 + n)*(-84)/10?
2, 3, 7
Suppose 195*n = 193*n + 3*u + 54508, -5*n + 136280 = -5*u. List the prime factors of n.
2, 5, 29, 47
Suppose -21*a = 91*a + 15551 - 791935. What are the prime factors of a?
2, 1733
Let a be 5/(20/174)*4. Let h be 1 - 3 - 318/3. Let j = a + h. List the prime factors of j.
2, 3, 11
Let j(t) = -2138*t - 43. List the prime factors of j(-3).
23, 277
Suppose 5*r - 4*p + 607 = -5222, -4*p = -3*r - 3499. Let u = 2383 + r. List the prime factors of u.
2, 3, 7, 29
Suppose 108 = 6*b - 18*b. Let h be (b + 7)/((-2)/(-93)). Let r = h + 105. What are the prime factors of r?
2, 3
List the prime factors of 816*(-2210)/(-234)*6/10.
2, 17
Let q(h) be the first derivative of -1/4*h**4 - 14*h - 19/3*h**3 - 5 + 15/2*h**2. List the prime factors of q(-20).
2, 43
Let w(z) = 2*z**2 - 4*z - 4. Let h be w(5). Suppose -2*c + 5*o = 8*o - 547, -276 = -c - 2*o. Suppose -3*k - h = -c. List the prime factors of k.
2, 5
Suppose 12 = 5*t + 4*w - 17, t + 4*w = 9. Let a(s) = -1 + 7*s + t*s - 2*s - 18*s. List the prime factors of a(-1).
7
Let z(g) = -56*g + 65. Let r(o) = 37*o - 43. Let q(v) = 8*r(v) + 5*z(v). Let l(j) = j - 7. Let p be l(11). List the prime factors of q(p).
3, 5
Let g be (-14)/((42/(-2317))/3). Suppose -g = -5*p - 4*s, 3*s + 1315 = 3*p - 59. List the prime factors of p.
461
Let y(f) = 1 - 5*f**2 - 75*f + 46*f**3 + 79*f + 24*f**3. List the prime factors of y(2).
3, 61
Suppose 24 = 118*f - 115*f. Suppose s + 3 = 2*p + f, 0 = -4*s + 4*p + 24. Suppose -96 = 5*w - s*w. List the prime factors of w.
2, 3
Let j be (-8)/(8/2) - -113. Let p(t) = -t**3 + 2*t. Let i be p(-2). Suppose -i*b + 512 = 3*y, 0*y = b + 5*y - j. List the prime factors of b.
131
Let v = -3 + -1386. Let m = v + 2097. List the prime factors of m.
2, 3, 59
Suppose 5*k + 2*j + 15065 = 50517, -2*k + 14185 = 5*j. List the prime factors of k.
2, 5, 709
Let a = -5902 + 12682. List the prime factors of a.
2, 3, 5, 113
Let t = -330 + 879. Let z = t - 14. What are the prime factors of z?
5, 107
Let m(t) be the third derivative of -29*t**4/24 - 41*t**3/2 - 98*t**2. What are the prime factors 